= 5*a. Suppose a = -3*l + 3*v - 6, 0*l + 4*l + 3*v = -22. Is (-510)/l - (-1)/(-2) prime?
True
Let a = 156523 + -109240. Is a prime?
False
Let x(j) = -155*j - 245. Let w be x(-38). Suppose 14966 = 3*o + w. Is o composite?
True
Let w = -25 - -25. Suppose 3*o + 6 = -f, o - 2 = -w*f + f. Is (-1047)/f - (0 - -2) prime?
True
Let f = -38067 + 56702. Is f a composite number?
True
Let q = 81 + -81. Suppose q = 4*o + 2*v - 5066 - 4164, 2*o = -2*v + 4620. Suppose -3*h = m - 0*h - o, 3*m - 6939 = -3*h. Is m composite?
True
Suppose -5*z = 3*b - 307425, z - 5*b - 37829 - 23628 = 0. Suppose -30964 = -34*d + z. Is d a prime number?
True
Let m(d) = -191*d - 109. Let a be m(-15). Suppose f - a = -147. Is f prime?
True
Suppose 2*j - 9512 = s - 5, 14247 = 3*j + 3*s. Suppose -5*x + 4*x = -2*u - 4749, j = x + u. Is x a prime number?
True
Suppose 4*b = -3*r + 3406, 0*r = 4*r + 2*b - 4538. Suppose 3*a - 3*w - r = 1689, 0 = 4*w. Is a composite?
False
Let q = -532 - -6471. Is q composite?
False
Let t = -24433 - -92784. Is t a composite number?
False
Let u = 95497 - 46244. Is u a prime number?
True
Let z = -276 + 655. Is -5*4/10 + z prime?
False
Let r(s) = 374*s**2 - 30*s + 77. Is r(3) composite?
True
Let h = 44004 + 100731. Suppose -14*b = b - h. Is b a prime number?
True
Let t be (-2)/11 + (-96)/(-44). Suppose -t*u = 8 - 18. Suppose -u*y = 20, 1130 + 769 = 5*g + 4*y. Is g prime?
True
Let t(c) = c**2 + 13*c + 36. Let h be t(-4). Suppose h = 5*k - g - 28864, -3*k = -8*k - 3*g + 28868. Is k prime?
False
Let v(x) = -2*x**3 - 6*x**2 - 3*x + 56. Is v(-39) prime?
False
Let j = -307 + 178. Let g = j - -388. Suppose -v + 1939 - g = 4*r, -2*r - 2*v + 846 = 0. Is r a composite number?
False
Let b be (0/1)/4 + -4. Let n be (-54)/(-15) - b/10. Suppose -n*h - 5*f = -261, 274 - 48 = 4*h - 2*f. Is h a composite number?
False
Let s(a) = -2*a - 18. Let r be s(-10). Let i(t) = 12*t**3 + 10*t**2 - 17*t + 4. Is i(r) a prime number?
False
Suppose -4*i = -c - 257764, 8*i - 4*i = 3*c + 257764. Is i a composite number?
True
Let v(i) = -2*i**3 - 35*i. Let x be v(-5). Suppose 7*k - 686 = 280. Let w = x + k. Is w a composite number?
False
Let o(v) = -660*v - 34. Let h be o(-10). Suppose t + 6574 = 4*m, h = -2*m + 6*m + 3*t. Is m composite?
True
Let v = -305 + 294. Suppose 4*n + f - 387 = 0, n + 4*f = 2*f + 95. Let g = v + n. Is g prime?
False
Let h = 188 - 184. Suppose -a = 3*y + y - 2711, 0 = -y - h*a + 689. Is y prime?
True
Let g(y) = 23*y**3 - 15*y**2 - 3*y - 53. Is g(18) prime?
True
Let r be 372/(-682) + 54302/11. Let p = -3033 + r. Is p prime?
False
Is 262657219/(-134)*6/(-33) prime?
True
Suppose 10 = -f - 2*l, 10*l = -4*f + 8*l - 10. Suppose 5*q - 219455 = -2*t, f = 2*q - 6*t + 4*t - 87768. Is q composite?
False
Let a(x) = x**3 - 10*x**2 + 11*x - 16. Let o be a(9). Let t be o - (2 + 4/(-1)). Suppose -n = 4*n + 2*j - 6813, 0 = -5*n - t*j + 6821. Is n a composite number?
False
Suppose -1530*t + 9547983 = -1503*t. Is t a prime number?
True
Is (-995415 + (1 - -1))/(400/(-25) - -15) a composite number?
True
Suppose -249*a + 387507 = -240*a + 41898. Is a prime?
False
Let v(y) = -y**3 + 7*y**2 + 7. Let b = 6 + 1. Let c be v(b). Suppose -3*l = 5*i - 5314, -2*l = -i - c*l + 1076. Is i composite?
False
Let g(a) = 20*a - 4509. Let t be g(0). Let s = t - -13867. Is s a composite number?
True
Let c(i) = 9*i**3 + 2*i + 2. Let h be c(-1). Let f = h + 14. Suppose -8767 = -3*o + p, -5*o - f*p + 160 + 14465 = 0. Is o composite?
True
Let k = 658802 - 243423. Is k prime?
True
Let z(r) = r**3 + 14*r**2 + 39103. Is z(0) prime?
True
Let j(i) = i**3 - 42*i**2 + 23*i + 501. Is j(68) composite?
True
Suppose 0 = -3*j + 2*x + 21724, -28970 = -4*j - 22*x + 20*x. Suppose 31545 + j = 7*m. Is m prime?
False
Let i = -99 + 103. Suppose 4*m + i*s = 48964, -m + 3*s = 3*m - 48978. Suppose m = 8*q - 4981. Is q composite?
False
Suppose -1205115 = 51*n - 3248328. Is n composite?
False
Suppose 26*j + 97920 = -6*j. Let s = j + 10007. Is s composite?
False
Let w be ((-198)/55)/((-6)/(-30)). Is 2*(-36929)/w + 64/(-288) a prime number?
False
Let u(r) = r**2 - 4*r + 7. Let v be u(2). Suppose -15 = 3*x - v, -4*x - 1002 = -2*n. Is n prime?
False
Let t = 77090 - -63261. Is t prime?
True
Let h(q) be the third derivative of -16*q**6/3 + q**5/15 + q**4/6 - 13*q**3/6 + 121*q**2. Is h(-3) a composite number?
False
Suppose i - 3*v + 12 = 0, i - 2*v = -3*v + 4. Let j = 17 - 12. Suppose -j*x + 193 - 23 = i. Is x prime?
False
Is -10 - (0 + -13 - 71842) a composite number?
True
Let m = 341 - -83. Let i = 1037 - m. Is i a composite number?
False
Let y = 5998 + 32509. Is y prime?
False
Suppose -99*n + 73*n + 79*n - 8422177 = 0. Is n composite?
False
Is (-6)/(-14) - 30/105 - 4244768/(-77) a prime number?
True
Let l(j) = 3244*j**2 + 74*j + 583. Is l(-9) a composite number?
False
Suppose -g + 10 = 5*n - 14, -4*g + 79 = 3*n. Let o = g - 45. Let k(s) = -9*s + 73. Is k(o) composite?
False
Let j = 811686 + -567955. Is j composite?
True
Is (868865 + 0)*(-4 + 147/35) prime?
True
Suppose 31102 = 3*c + 5*t, -t + 4*t = 3*c - 31062. Let b = 2 + 9. Suppose -20*n + b*n = -c. Is n prime?
True
Is (-1 - (-2 - 0))/(2957325/369663 - 8) prime?
False
Let j(b) = -b**3 - 9*b**2 + 9*b - 9. Let h be j(-10). Let d(i) = 548*i - 7. Is d(h) prime?
True
Let m(i) be the first derivative of i**2/2 + 16*i + 17. Let u be m(-6). Let r(y) = 37*y - 29. Is r(u) composite?
True
Is (-12 - -15) + -11 + 328587 a composite number?
False
Is (51916/(-6))/((-1005)/(-45) - 23) prime?
True
Let x be 1 - 23*-4*-6. Suppose 4211 = 3*i + 3863. Is (x/116)/((-1)/i) composite?
True
Suppose -5*c - 4*y + 20 = 0, -8*y = 3*c - 3*y - 12. Suppose c*v = -20 - 12. Is 26*37/v*(0 + -4) a composite number?
True
Suppose 280146 = -961*x + 967*x. Is x prime?
True
Let h(r) = 9*r + 12. Let t be h(-4). Let v = 103 - t. Is v prime?
True
Suppose 0 = 2*t - m - 1347286, 3*t - 913*m - 2020929 = -915*m. Is t a prime number?
True
Suppose -9*j = -7*j - 2*v - 144882, 0 = -5*v + 15. Suppose 32*n = 20*n + j. Is n composite?
False
Let s be ((-5)/(15/(-143436)))/2. Let k = s + -14817. Is k a composite number?
True
Suppose 0 = 5*l + 2*u - 340656 - 59185, -2*l + 159928 = 5*u. Is l a composite number?
True
Suppose 29*n - 118435 = 231624. Is n composite?
False
Let t be (273/14)/13*2*1. Suppose 5*k - 8689 = -4*b, 8*k - 7*k = t*b - 6512. Is b composite?
True
Let s(l) = l**3 + 17*l**2 + 10*l + 23. Let v be s(-8). Suppose -5*y - 3*o + 1320 = 0, v = 2*y - 10*o + 13*o. Is y composite?
True
Let t(h) = 86*h + 4967. Is t(-20) prime?
False
Let f = 4066 - 2523. Is f a prime number?
True
Is 130/(-1755) + 6309634/54 a prime number?
False
Suppose -5*y = -2*n - 339073, -498383 = -5*y + 3*n - 159306. Is y prime?
False
Let b be -5*((-8)/(-36) + (-51)/(-135)). Let s = b + -3. Is 16803/s*2/(-3) a composite number?
False
Let d(w) = w**3 - 92*w**2 - 113*w - 551. Is d(109) a composite number?
True
Suppose 0 = -32*u + 27*u + 15755. Let f = u + -1562. Is f composite?
True
Suppose 68586 = -0*r + 7*r - 249928. Is r a prime number?
False
Let y(k) = -1816*k**3 - 14*k**2 - 98*k - 31. Is y(-7) a prime number?
False
Let z = -8377 - -206654. Is z a prime number?
True
Suppose 3*u = -90 - 27. Let q = -36 - u. Is 78 + 1 - (5 - q) prime?
False
Suppose 8*m = 170 - 18. Suppose 0 = -4*s - m + 131. Suppose -5*b - 25 = 0, h - 4 = -b + s. Is h a composite number?
False
Suppose 2*h = -2*h + 44. Suppose -h + 1 = -2*f. Suppose -5*w + f*c = -1605, -5*w = 5*c + 236 - 1801. Is w a prime number?
True
Suppose -3*j + s + 1453 = 0, s + 2*s = 4*j - 1929. Let o = 6871 - j. Is o a prime number?
False
Suppose 4*r = -4*v + 35152, -4*v + 43943 = -3*r + 8*r. Let s = r + -1338. Is s a composite number?
True
Let u = -4549 + 12273. Let f = u + -5313. Is f prime?
True
Suppose 709*f = 714*f - 10. Suppose f*l - 13007 = -4269. Is l a prime number?
False
Let x = -22471 - -32334. Is x a prime number?
False
Suppose 0 = 11*r - 118 + 8. Let l(c) = 1255*c - 39. Is l(r) a prime number?
True
Suppose -6*d + 6167 + 529 = 0. Let a = d - 73. Is a a composite number?
True
Suppose -2388 = -23*i + 21*i. Suppose i = 4*x - 1046. Let u = x + -349. Is u prime?
True
Is 152/(-380) + 745098/20*(7 - 1) a composite number?
False
Is (-47959)/(-6) + (890/60 - 15) a composite number?
False
Let k(q) be the third derivative of